{"id":23233,"date":"2025-05-15T15:58:53","date_gmt":"2025-05-15T13:58:53","guid":{"rendered":"https:\/\/aivie.ch\/faq\/pourquoi-le-first-name-nest-il-pas-resolu-dans-le-mail-envoye-2\/"},"modified":"2025-05-15T15:58:53","modified_gmt":"2025-05-15T13:58:53","slug":"pourquoi-le-first-name-nest-il-pas-resolu-dans-le-mail-envoye-2","status":"publish","type":"faq","link":"https:\/\/aivie.ch\/fr\/faq\/pourquoi-le-first-name-nest-il-pas-resolu-dans-le-mail-envoye-2\/","title":{"rendered":"Pourquoi le [First Name] n&rsquo;est-il pas r\u00e9solu dans l&rsquo;e-mail envoy\u00e9 ?"},"content":{"rendered":"<p>Si vous envoyez un e-mail par \u00ab\u00a0Send Example\u00a0\u00bb, le champ [First Name] n&rsquo;est pas encore r\u00e9solu.<\/p>\n<p><!--more--><\/p>\n<p>Cependant, ceci n&rsquo;est vrai que dans le test. Si vous vous envoyez l&rsquo;e-mail via les contacts, vous pouvez v\u00e9rifier si le champ [First Name] est correctement r\u00e9solu. Si votre aper\u00e7u affiche le param\u00e8tre dans ce style [First Name], le syst\u00e8me a correctement d\u00e9tect\u00e9 le param\u00e8tre.  <\/p>\n","protected":false},"excerpt":{"rendered":"<p>Si vous envoyez un e-mail par \u00ab\u00a0Send Example\u00a0\u00bb, le champ [First Name] n&rsquo;est pas encore r\u00e9solu.<\/p>\n","protected":false},"featured_media":0,"template":"","categories":[],"tags":[],"FaqCategories":[521],"FaqTags":[1087],"class_list":["post-23233","faq","type-faq","status-publish","hentry","FaqCategories-e-mails-fr","FaqTags-premier-nom"],"acf":[],"featured_image_urls_v2":{"full":"","thumbnail":"","medium":"","medium_large":"","large":"","post-thumbnail":"","aiv_480w":"","woocommerce_thumbnail":"","woocommerce_single":"","woocommerce_gallery_thumbnail":""},"post_excerpt_stackable_v2":"<p>Si vous envoyez un e-mail par \u00ab\u00a0Send Example\u00a0\u00bb, le champ [First Name] n&rsquo;est pas encore r\u00e9solu. Cependant, ceci n&rsquo;est vrai que dans le test. Si vous vous envoyez l&rsquo;e-mail via les contacts, vous pouvez v\u00e9rifier si le champ [First Name] est correctement r\u00e9solu. Si votre aper\u00e7u affiche le param\u00e8tre dans ce style [First Name], le syst\u00e8me a correctement d\u00e9tect\u00e9 le param\u00e8tre.<\/p>\n","category_list_v2":"Non class\u00e9","author_info_v2":{"name":"","url":""},"comments_num_v2":"0 commentaire","_links":{"self":[{"href":"https:\/\/aivie.ch\/fr\/wp-json\/wp\/v2\/faq\/23233","targetHints":{"allow":["GET"]}}],"collection":[{"href":"https:\/\/aivie.ch\/fr\/wp-json\/wp\/v2\/faq"}],"about":[{"href":"https:\/\/aivie.ch\/fr\/wp-json\/wp\/v2\/types\/faq"}],"version-history":[{"count":0,"href":"https:\/\/aivie.ch\/fr\/wp-json\/wp\/v2\/faq\/23233\/revisions"}],"wp:attachment":[{"href":"https:\/\/aivie.ch\/fr\/wp-json\/wp\/v2\/media?parent=23233"}],"wp:term":[{"taxonomy":"category","embeddable":true,"href":"https:\/\/aivie.ch\/fr\/wp-json\/wp\/v2\/categories?post=23233"},{"taxonomy":"post_tag","embeddable":true,"href":"https:\/\/aivie.ch\/fr\/wp-json\/wp\/v2\/tags?post=23233"},{"taxonomy":"FaqCategories","embeddable":true,"href":"https:\/\/aivie.ch\/fr\/wp-json\/wp\/v2\/FaqCategories?post=23233"},{"taxonomy":"FaqTags","embeddable":true,"href":"https:\/\/aivie.ch\/fr\/wp-json\/wp\/v2\/FaqTags?post=23233"}],"curies":[{"name":"wp","href":"https:\/\/api.w.org\/{rel}","templated":true}]}}

Pourquoi le [First Name] n&rsquo;est-il pas résolu dans l&rsquo;e-mail envoyé ?

<p>Si vous envoyez un e-mail par « Send Example », le champ [First Name] n&rsquo;est pas encore résolu.</p>
<p><!--more--></p>
<p>Cependant, ceci n&rsquo;est vrai que dans le test. Si vous vous envoyez l&rsquo;e-mail via les contacts, vous pouvez vérifier si le champ [First Name] est correctement résolu. Si votre aperçu affiche le paramètre dans ce style [First Name], le système a correctement détecté le paramètre.  </p>

<p>Si vous envoyez un e-mail par « Send Example », le champ [First Name] n&rsquo;est pas encore résolu.</p>

<p>Si vous envoyez un e-mail par « Send Example », le champ [First Name] n&rsquo;est pas encore résolu. Cependant, ceci n&rsquo;est vrai que dans le test. Si vous vous envoyez l&rsquo;e-mail via les contacts, vous pouvez vérifier si le champ [First Name] est correctement résolu. Si votre aperçu affiche le paramètre dans ce style [First Name], le système a correctement détecté le paramètre.</p>

Non classé
