{"id":23158,"date":"2025-05-15T15:43:48","date_gmt":"2025-05-15T13:43:48","guid":{"rendered":"https:\/\/aivie.ch\/faq\/comment-time-lenvoi-dun-e-mail\/"},"modified":"2025-05-15T15:43:48","modified_gmt":"2025-05-15T13:43:48","slug":"comment-time-lenvoi-dun-e-mail","status":"publish","type":"faq","link":"https:\/\/aivie.ch\/fr\/faq\/comment-time-lenvoi-dun-e-mail\/","title":{"rendered":"Comment time l&rsquo;envoi d&rsquo;un e-mail ?"},"content":{"rendered":"\n<p>Vous pouvez configurer l&rsquo;envoi d&rsquo;un e-mail via la campagne ou directement dans l&rsquo;e-mail.<\/p>\n\n<!--more-->\n<h3>Param\u00e8tres de messagerie<\/h3>\n<p>Vous pouvez d\u00e9finir l&rsquo;envoi d&rsquo;un e-mail de segment dans le champ Publier le (date\/heure).  <img loading=\"lazy\" decoding=\"async\" class=\"alignnone wp-image-10360\" src=\"https:\/\/cdn.aivie.ch\/media\/wp\/2022\/07\/12145905\/Wie-time-ich-den-Versand-einer-E-Mail.webp\" alt=\"Comment time l&#039;envoi d&#039;un e-mail ?\" width=\"613\" height=\"506\" title=\"\" srcset=\"https:\/\/cdn.aivie.ch\/media\/wp\/2022\/07\/12145905\/Wie-time-ich-den-Versand-einer-E-Mail.webp 1378w, https:\/\/cdn.aivie.ch\/media\/wp\/2022\/07\/12145905\/Wie-time-ich-den-Versand-einer-E-Mail-600x496.webp 960w, https:\/\/cdn.aivie.ch\/media\/wp\/2022\/07\/12145905\/Wie-time-ich-den-Versand-einer-E-Mail-768x634.webp 768w, https:\/\/cdn.aivie.ch\/media\/wp\/2022\/07\/12145905\/Wie-time-ich-den-Versand-einer-E-Mail-1090x900.webp 1090w, https:\/\/cdn.aivie.ch\/media\/wp\/2022\/07\/12145905\/Wie-time-ich-den-Versand-einer-E-Mail-1200x991.webp 1200w, https:\/\/cdn.aivie.ch\/media\/wp\/2022\/07\/12145905\/Wie-time-ich-den-Versand-einer-E-Mail-480x396.webp 480w, https:\/\/cdn.aivie.ch\/media\/wp\/2022\/07\/12145905\/Wie-time-ich-den-Versand-einer-E-Mail.webp 600w\" sizes=\"auto, (max-width: 613px) 100vw, 613px\" \/><\/p>\n<h3>Param\u00e8tres de campagne<\/h3>\n<p>Vous pouvez \u00e9galement configurer l&rsquo;envoi de vos mod\u00e8les d&rsquo;e-mail via votre <a href=\"https:\/\/aivie.ch\/faq\/wie-baue-ich-eine-newsletter-follow-up-kampagne\/\">campagne<\/a>. En d\u00e9finissant la date et l&rsquo;heure sous \u00ab\u00a0Ex\u00e9cuter cette action&#8230;\u00a0\u00bb. <\/p>\n<p><img loading=\"lazy\" decoding=\"async\" class=\"alignnone wp-image-10368\" src=\"https:\/\/cdn.aivie.ch\/media\/wp\/2022\/07\/12150917\/Wie-time-ich-den-Versand-einer-E-Mail2.webp\" alt=\"Comment puis-je programmer l&#039;envoi d&#039;un e-mail?2\" width=\"609\" height=\"727\" title=\"\" srcset=\"https:\/\/cdn.aivie.ch\/media\/wp\/2022\/07\/12150917\/Wie-time-ich-den-Versand-einer-E-Mail2.webp 924w, https:\/\/cdn.aivie.ch\/media\/wp\/2022\/07\/12150917\/Wie-time-ich-den-Versand-einer-E-Mail2-768x918.webp 768w, https:\/\/cdn.aivie.ch\/media\/wp\/2022\/07\/12150917\/Wie-time-ich-den-Versand-einer-E-Mail2-753x900.webp 753w, https:\/\/cdn.aivie.ch\/media\/wp\/2022\/07\/12150917\/Wie-time-ich-den-Versand-einer-E-Mail2-480x574.webp 480w, https:\/\/cdn.aivie.ch\/media\/wp\/2022\/07\/12150917\/Wie-time-ich-den-Versand-einer-E-Mail2-600x717.webp 600w\" sizes=\"auto, (max-width: 609px) 100vw, 609px\" \/><\/p>\n","protected":false},"excerpt":{"rendered":"<p>Vous pouvez configurer l&rsquo;envoi d&rsquo;un e-mail via la campagne ou directement dans l&rsquo;e-mail.<\/p>\n","protected":false},"featured_media":0,"template":"","categories":[],"tags":[],"FaqCategories":[921,521],"FaqTags":[],"class_list":["post-23158","faq","type-faq","status-publish","hentry","FaqCategories-campagne","FaqCategories-e-mails-fr"],"acf":[],"featured_image_urls_v2":{"full":"","thumbnail":"","medium":"","medium_large":"","large":"","post-thumbnail":"","aiv_480w":"","woocommerce_thumbnail":"","woocommerce_single":"","woocommerce_gallery_thumbnail":""},"post_excerpt_stackable_v2":"<p>Vous pouvez configurer l&rsquo;envoi d&rsquo;un e-mail via la campagne ou directement dans l&rsquo;e-mail. Param\u00e8tres de messagerie Vous pouvez d\u00e9finir l&rsquo;envoi d&rsquo;un e-mail de segment dans le champ Publier le (date\/heure). Param\u00e8tres de campagne Vous pouvez \u00e9galement configurer l&rsquo;envoi de vos mod\u00e8les d&rsquo;e-mail via votre campagne. En d\u00e9finissant la date et l&rsquo;heure sous \u00ab\u00a0Ex\u00e9cuter cette action&#8230;\u00a0\u00bb.<\/p>\n","category_list_v2":"Non class\u00e9","author_info_v2":{"name":"","url":""},"comments_num_v2":"0 commentaire","_links":{"self":[{"href":"https:\/\/aivie.ch\/fr\/wp-json\/wp\/v2\/faq\/23158","targetHints":{"allow":["GET"]}}],"collection":[{"href":"https:\/\/aivie.ch\/fr\/wp-json\/wp\/v2\/faq"}],"about":[{"href":"https:\/\/aivie.ch\/fr\/wp-json\/wp\/v2\/types\/faq"}],"version-history":[{"count":1,"href":"https:\/\/aivie.ch\/fr\/wp-json\/wp\/v2\/faq\/23158\/revisions"}],"predecessor-version":[{"id":23159,"href":"https:\/\/aivie.ch\/fr\/wp-json\/wp\/v2\/faq\/23158\/revisions\/23159"}],"wp:attachment":[{"href":"https:\/\/aivie.ch\/fr\/wp-json\/wp\/v2\/media?parent=23158"}],"wp:term":[{"taxonomy":"category","embeddable":true,"href":"https:\/\/aivie.ch\/fr\/wp-json\/wp\/v2\/categories?post=23158"},{"taxonomy":"post_tag","embeddable":true,"href":"https:\/\/aivie.ch\/fr\/wp-json\/wp\/v2\/tags?post=23158"},{"taxonomy":"FaqCategories","embeddable":true,"href":"https:\/\/aivie.ch\/fr\/wp-json\/wp\/v2\/FaqCategories?post=23158"},{"taxonomy":"FaqTags","embeddable":true,"href":"https:\/\/aivie.ch\/fr\/wp-json\/wp\/v2\/FaqTags?post=23158"}],"curies":[{"name":"wp","href":"https:\/\/api.w.org\/{rel}","templated":true}]}}

<p>Vous pouvez configurer l&rsquo;envoi d&rsquo;un e-mail via la campagne ou directement dans l&rsquo;e-mail.</p>

<!--more-->
<h3>Paramètres de messagerie</h3>
<p>Vous pouvez définir l&rsquo;envoi d&rsquo;un e-mail de segment dans le champ Publier le (date/heure).  <img loading="lazy" decoding="async" class="alignnone wp-image-10360" src="https://cdn.aivie.ch/media/wp/2022/07/12145905/Wie-time-ich-den-Versand-einer-E-Mail.webp" alt="Comment time l&#039;envoi d&#039;un e-mail ?" width="613" height="506" title="" srcset="https://cdn.aivie.ch/media/wp/2022/07/12145905/Wie-time-ich-den-Versand-einer-E-Mail.webp 1378w, https://cdn.aivie.ch/media/wp/2022/07/12145905/Wie-time-ich-den-Versand-einer-E-Mail-600x496.webp 960w, https://cdn.aivie.ch/media/wp/2022/07/12145905/Wie-time-ich-den-Versand-einer-E-Mail-768x634.webp 768w, https://cdn.aivie.ch/media/wp/2022/07/12145905/Wie-time-ich-den-Versand-einer-E-Mail-1090x900.webp 1090w, https://cdn.aivie.ch/media/wp/2022/07/12145905/Wie-time-ich-den-Versand-einer-E-Mail-1200x991.webp 1200w, https://cdn.aivie.ch/media/wp/2022/07/12145905/Wie-time-ich-den-Versand-einer-E-Mail-480x396.webp 480w, https://cdn.aivie.ch/media/wp/2022/07/12145905/Wie-time-ich-den-Versand-einer-E-Mail.webp 600w" sizes="auto, (max-width: 613px) 100vw, 613px" /></p>
<h3>Paramètres de campagne</h3>
<p>Vous pouvez également configurer l&rsquo;envoi de vos modèles d&rsquo;e-mail via votre <a href="https://aivie.ch/faq/wie-baue-ich-eine-newsletter-follow-up-kampagne/">campagne</a>. En définissant la date et l&rsquo;heure sous « Exécuter cette action&#8230; ». </p>
<p><img loading="lazy" decoding="async" class="alignnone wp-image-10368" src="https://cdn.aivie.ch/media/wp/2022/07/12150917/Wie-time-ich-den-Versand-einer-E-Mail2.webp" alt="Comment puis-je programmer l&#039;envoi d&#039;un e-mail?2" width="609" height="727" title="" srcset="https://cdn.aivie.ch/media/wp/2022/07/12150917/Wie-time-ich-den-Versand-einer-E-Mail2.webp 924w, https://cdn.aivie.ch/media/wp/2022/07/12150917/Wie-time-ich-den-Versand-einer-E-Mail2-768x918.webp 768w, https://cdn.aivie.ch/media/wp/2022/07/12150917/Wie-time-ich-den-Versand-einer-E-Mail2-753x900.webp 753w, https://cdn.aivie.ch/media/wp/2022/07/12150917/Wie-time-ich-den-Versand-einer-E-Mail2-480x574.webp 480w, https://cdn.aivie.ch/media/wp/2022/07/12150917/Wie-time-ich-den-Versand-einer-E-Mail2-600x717.webp 600w" sizes="auto, (max-width: 609px) 100vw, 609px" /></p>

<p>Vous pouvez configurer l&rsquo;envoi d&rsquo;un e-mail via la campagne ou directement dans l&rsquo;e-mail. Paramètres de messagerie Vous pouvez définir l&rsquo;envoi d&rsquo;un e-mail de segment dans le champ Publier le (date/heure). Paramètres de campagne Vous pouvez également configurer l&rsquo;envoi de vos modèles d&rsquo;e-mail via votre campagne. En définissant la date et l&rsquo;heure sous « Exécuter cette action&#8230; ».</p>

Non classé
