{"id":23020,"date":"2025-05-15T13:19:01","date_gmt":"2025-05-15T11:19:01","guid":{"rendered":"https:\/\/aivie.ch\/faq\/pourquoi-mes-images-ne-saffichent-elles-pas-dans-le-client-de-messagerie\/"},"modified":"2025-05-15T13:19:09","modified_gmt":"2025-05-15T11:19:09","slug":"pourquoi-mes-images-ne-saffichent-elles-pas-dans-le-client-de-messagerie","status":"publish","type":"faq","link":"https:\/\/aivie.ch\/fr\/faq\/pourquoi-mes-images-ne-saffichent-elles-pas-dans-le-client-de-messagerie\/","title":{"rendered":"Pourquoi mes images ne s&rsquo;affichent-elles pas dans le client de messagerie ?"},"content":{"rendered":"\n<p>V\u00e9rifiez que l&rsquo;option \u00ab\u00a0Convertir les images int\u00e9gr\u00e9es en Base64\u00a0\u00bb est activ\u00e9e.<\/p>\n\n<!--more-->\n\n<p>Nous vous recommandons d&rsquo;int\u00e9grer vos images dans votre e-mail par URL et non en \u00ab\u00a0base64\u00a0\u00bb. Par d\u00e9faut, les images sont charg\u00e9es par URL. Il est toutefois possible de modifier cela dans les param\u00e8tres de l&rsquo;e-mail.    <\/p>\n\n<p>Si vos images ne s&rsquo;affichent pas dans les e-mails, v\u00e9rifiez si vous avez activ\u00e9 l&rsquo;option suivante et d\u00e9sactivez-la si n\u00e9cessaire :  <\/p>\n\n<p><img loading=\"lazy\" decoding=\"async\" src=\"https:\/\/lh5.googleusercontent.com\/vmQaiCLMEBQITfdyxoV50DYeF5Oj6TPwjVcN8GIR-flp9qe-jUW-yNbN-DqBZ1nty2hg_7xGkvYPZqdC8ascGgi0j0xh6pvb5OpV5HLZ7GGKpCRBJGp03sTk1bEPUsnjD4SBTDqi84N7rZ3qFd5vZtc\" width=\"370\" height=\"100\" alt=\"\" title=\"\"><\/p>\n\n<p>Seuls quelques programmes de messagerie \u00e9lectronique prennent en charge cette option.<\/p>\n","protected":false},"excerpt":{"rendered":"<p>V\u00e9rifiez que l&rsquo;option \u00ab\u00a0Convertir les images int\u00e9gr\u00e9es en Base64\u00a0\u00bb est activ\u00e9e.<\/p>\n","protected":false},"featured_media":0,"template":"","categories":[],"tags":[],"FaqCategories":[],"FaqTags":[],"class_list":["post-23020","faq","type-faq","status-publish","hentry"],"acf":[],"featured_image_urls_v2":{"full":"","thumbnail":"","medium":"","medium_large":"","large":"","post-thumbnail":"","aiv_480w":"","woocommerce_thumbnail":"","woocommerce_single":"","woocommerce_gallery_thumbnail":""},"post_excerpt_stackable_v2":"<p>V\u00e9rifiez que l&rsquo;option \u00ab\u00a0Convertir les images int\u00e9gr\u00e9es en Base64\u00a0\u00bb est activ\u00e9e. Nous vous recommandons d&rsquo;int\u00e9grer vos images dans votre e-mail par URL et non en \u00ab\u00a0base64\u00a0\u00bb. Par d\u00e9faut, les images sont charg\u00e9es par URL. Il est toutefois possible de modifier cela dans les param\u00e8tres de l&rsquo;e-mail. Si vos images ne s&rsquo;affichent pas dans les e-mails, v\u00e9rifiez si vous avez activ\u00e9 l&rsquo;option suivante et d\u00e9sactivez-la si n\u00e9cessaire : Seuls quelques programmes de messagerie \u00e9lectronique prennent en charge cette option.<\/p>\n","category_list_v2":"Non class\u00e9","author_info_v2":{"name":"","url":""},"comments_num_v2":"0 commentaire","_links":{"self":[{"href":"https:\/\/aivie.ch\/fr\/wp-json\/wp\/v2\/faq\/23020","targetHints":{"allow":["GET"]}}],"collection":[{"href":"https:\/\/aivie.ch\/fr\/wp-json\/wp\/v2\/faq"}],"about":[{"href":"https:\/\/aivie.ch\/fr\/wp-json\/wp\/v2\/types\/faq"}],"version-history":[{"count":1,"href":"https:\/\/aivie.ch\/fr\/wp-json\/wp\/v2\/faq\/23020\/revisions"}],"predecessor-version":[{"id":23022,"href":"https:\/\/aivie.ch\/fr\/wp-json\/wp\/v2\/faq\/23020\/revisions\/23022"}],"wp:attachment":[{"href":"https:\/\/aivie.ch\/fr\/wp-json\/wp\/v2\/media?parent=23020"}],"wp:term":[{"taxonomy":"category","embeddable":true,"href":"https:\/\/aivie.ch\/fr\/wp-json\/wp\/v2\/categories?post=23020"},{"taxonomy":"post_tag","embeddable":true,"href":"https:\/\/aivie.ch\/fr\/wp-json\/wp\/v2\/tags?post=23020"},{"taxonomy":"FaqCategories","embeddable":true,"href":"https:\/\/aivie.ch\/fr\/wp-json\/wp\/v2\/FaqCategories?post=23020"},{"taxonomy":"FaqTags","embeddable":true,"href":"https:\/\/aivie.ch\/fr\/wp-json\/wp\/v2\/FaqTags?post=23020"}],"curies":[{"name":"wp","href":"https:\/\/api.w.org\/{rel}","templated":true}]}}

<p>Vérifiez que l&rsquo;option « Convertir les images intégrées en Base64 » est activée.</p>

<!--more-->

<p>Nous vous recommandons d&rsquo;intégrer vos images dans votre e-mail par URL et non en « base64 ». Par défaut, les images sont chargées par URL. Il est toutefois possible de modifier cela dans les paramètres de l&rsquo;e-mail.    </p>

<p>Si vos images ne s&rsquo;affichent pas dans les e-mails, vérifiez si vous avez activé l&rsquo;option suivante et désactivez-la si nécessaire :  </p>

<p><img loading="lazy" decoding="async" src="https://lh5.googleusercontent.com/vmQaiCLMEBQITfdyxoV50DYeF5Oj6TPwjVcN8GIR-flp9qe-jUW-yNbN-DqBZ1nty2hg_7xGkvYPZqdC8ascGgi0j0xh6pvb5OpV5HLZ7GGKpCRBJGp03sTk1bEPUsnjD4SBTDqi84N7rZ3qFd5vZtc" width="370" height="100" alt="" title=""></p>

<p>Seuls quelques programmes de messagerie électronique prennent en charge cette option.</p>

<p>Vérifiez que l&rsquo;option « Convertir les images intégrées en Base64 » est activée.</p>

<p>Vérifiez que l&rsquo;option « Convertir les images intégrées en Base64 » est activée. Nous vous recommandons d&rsquo;intégrer vos images dans votre e-mail par URL et non en « base64 ». Par défaut, les images sont chargées par URL. Il est toutefois possible de modifier cela dans les paramètres de l&rsquo;e-mail. Si vos images ne s&rsquo;affichent pas dans les e-mails, vérifiez si vous avez activé l&rsquo;option suivante et désactivez-la si nécessaire : Seuls quelques programmes de messagerie électronique prennent en charge cette option.</p>

Non classé
