{"id":27736,"date":"2026-01-11T15:00:15","date_gmt":"2026-01-11T13:00:15","guid":{"rendered":"https:\/\/aivie.ch\/faq\/miten-cal-com-voidaan-integroida-aivieen\/"},"modified":"2026-01-11T15:00:18","modified_gmt":"2026-01-11T13:00:18","slug":"miten-cal-com-voidaan-integroida-aivieen","status":"publish","type":"faq","link":"https:\/\/aivie.ch\/fi\/faq\/miten-cal-com-voidaan-integroida-aivieen\/","title":{"rendered":"Miten cal.com voidaan integroida Aivieen?"},"content":{"rendered":"\n<p>Lue, miten Aivie yhdistet\u00e4\u00e4n cal.comiin. Miten luodaan cal.com-profiili, jotta voit k\u00e4ytt\u00e4\u00e4 cal.com-ajanvarauslinkki\u00e4si Aivien automaattisissa s\u00e4hk\u00f6posteissa. <\/p>\n\n<!--more-->\n\n<h3 class=\"wp-block-heading\" id=\"h-erstelle-ein-cal-com-profil\">Luo Cal.com-profiili<\/h3>\n\n<p>Luo profiilisi <a href=\"http:\/\/cal.com\" target=\"_blank\" rel=\"noopener\">cal.comiin ja yhdist\u00e4 se<\/a> kalenteriisi. L\u00f6yd\u00e4t lis\u00e4tietoja <a href=\"https:\/\/docs.cal.com\/\" target=\"_blank\" rel=\"noopener\">cal.comin dokumentaatiosta.<\/a> <\/p>\n\n<ol class=\"wp-block-list\"><\/ol>\n\n<h3 class=\"wp-block-heading\" id=\"h-cal-com-auf-aivie-aktivieren\">Aktivoi Cal.com Aivie:ss\u00e4<\/h3>\n\n<ol class=\"wp-block-list\">\n<li>Aktivoi Aivie Cal.com -lis\u00e4osa kohdassa Asetukset &gt; Lis\u00e4osat.<\/li>\n\n\n\n<li>Avaa Cal.com-lis\u00e4osa napsauttamalla sit\u00e4.<\/li>\n\n\n\n<li>Aktivoi lis\u00e4osa valitsemalla Yes to published (Kyll\u00e4).<br\/><img loading=\"lazy\" decoding=\"async\" width=\"600\" height=\"486\" class=\"alignnone size-medium wp-image-12614\" src=\"https:\/\/cdn.aivie.ch\/media\/wp\/2022\/10\/06120148\/Wie-kannst-du-cal.com-in-Aivie-integrieren1.png\" alt=\"\" style=\"width: 600px;\" title=\"\" srcset=\"https:\/\/cdn.aivie.ch\/media\/wp\/2022\/10\/06120148\/Wie-kannst-du-cal.com-in-Aivie-integrieren1.png 1042w, https:\/\/cdn.aivie.ch\/media\/wp\/2022\/10\/06120148\/Wie-kannst-du-cal.com-in-Aivie-integrieren1.png 960w, https:\/\/cdn.aivie.ch\/media\/wp\/2022\/10\/06120148\/Wie-kannst-du-cal.com-in-Aivie-integrieren1-768x622.png 768w, https:\/\/cdn.aivie.ch\/media\/wp\/2022\/10\/06120148\/Wie-kannst-du-cal.com-in-Aivie-integrieren1-480x389.png 480w\" sizes=\"auto, (max-width: 600px) 100vw, 600px\" \/><\/li>\n\n\n\n<li>Napsauta Tallenna<\/li>\n\n\n\n<li>Jos lis\u00e4osa on aktivoitu, voit siirt\u00e4\u00e4 webhookin URL-osoitteen ja Cal.com-salaisuuden osoitteeseen cal.com. Avaa t\u00e4t\u00e4 varten uusi v\u00e4lilehti. <br\/><img loading=\"lazy\" decoding=\"async\" width=\"600\" height=\"375\" class=\"alignnone size-medium wp-image-12610\" src=\"https:\/\/cdn.aivie.ch\/media\/wp\/2022\/10\/06120142\/Wie-kannst-du-cal.com-in-Aivie-integrieren.png\" alt=\"\" style=\"width: 600px;\" title=\"\" srcset=\"https:\/\/cdn.aivie.ch\/media\/wp\/2022\/10\/06120142\/Wie-kannst-du-cal.com-in-Aivie-integrieren.png 1774w, https:\/\/cdn.aivie.ch\/media\/wp\/2022\/10\/06120142\/Wie-kannst-du-cal.com-in-Aivie-integrieren.png 960w, https:\/\/cdn.aivie.ch\/media\/wp\/2022\/10\/06120142\/Wie-kannst-du-cal.com-in-Aivie-integrieren-768x481.png 768w, https:\/\/cdn.aivie.ch\/media\/wp\/2022\/10\/06120142\/Wie-kannst-du-cal.com-in-Aivie-integrieren-1200x751.png 1200w, https:\/\/cdn.aivie.ch\/media\/wp\/2022\/10\/06120142\/Wie-kannst-du-cal.com-in-Aivie-integrieren-480x300.png 480w\" sizes=\"auto, (max-width: 600px) 100vw, 600px\" \/><\/li>\n<\/ol>\n\n<h3 class=\"wp-block-heading\" id=\"h-aivie-auf-cal-com-einrichten\">Aivien perustaminen Cal.comiin<\/h3>\n\n<ol class=\"wp-block-list\">\n<li>Siirry tilisi asetuksiin osoitteessa cal.com<\/li>\n\n\n\n<li>Luo uusi verkkokoukku. L\u00f6yd\u00e4t t\u00e4m\u00e4n Cal.comissa asetuksista &gt; Webhook&gt; New webhook <br\/><img loading=\"lazy\" decoding=\"async\" width=\"600\" height=\"380\" class=\"alignnone wp-image-12083\" src=\"https:\/\/cdn.aivie.ch\/media\/wp\/2022\/10\/27115100\/Bildschirmfoto-2022-10-27-um-11.50.35.png\" alt=\"\" style=\"width: 600px;\" title=\"\" srcset=\"https:\/\/cdn.aivie.ch\/media\/wp\/2022\/10\/27115100\/Bildschirmfoto-2022-10-27-um-11.50.35.png 2170w, https:\/\/cdn.aivie.ch\/media\/wp\/2022\/10\/27115100\/Bildschirmfoto-2022-10-27-um-11.50.35.png 960w, https:\/\/cdn.aivie.ch\/media\/wp\/2022\/10\/27115100\/Bildschirmfoto-2022-10-27-um-11.50.35-1920x1217.png 1920w, https:\/\/cdn.aivie.ch\/media\/wp\/2022\/10\/27115100\/Bildschirmfoto-2022-10-27-um-11.50.35-768x487.png 768w, https:\/\/cdn.aivie.ch\/media\/wp\/2022\/10\/27115100\/Bildschirmfoto-2022-10-27-um-11.50.35-1200x761.png 1200w, https:\/\/cdn.aivie.ch\/media\/wp\/2022\/10\/27115100\/Bildschirmfoto-2022-10-27-um-11.50.35-480x304.png 480w\" sizes=\"auto, (max-width: 600px) 100vw, 600px\" \/><\/li>\n\n\n\n<li>Sy\u00f6t\u00e4 Aivie Cal.com -lis\u00e4osan arvot.<br\/><img loading=\"lazy\" decoding=\"async\" width=\"600\" height=\"403\" class=\"wp-image-18343\" style=\"width: 600px;\" src=\"https:\/\/cdn.aivie.ch\/media\/wp\/2022\/10\/09094540\/cal.com-aivie-plugin-konfiguration-1.png\" alt=\"cal.com aivie-lis&#xE4;osan kokoonpano (Mautic)\" title=\"\" srcset=\"https:\/\/cdn.aivie.ch\/media\/wp\/2022\/10\/09094540\/cal.com-aivie-plugin-konfiguration-1.png 1750w, https:\/\/cdn.aivie.ch\/media\/wp\/2022\/10\/09094540\/cal.com-aivie-plugin-konfiguration-1-960x644.png 960w, https:\/\/cdn.aivie.ch\/media\/wp\/2022\/10\/09094540\/cal.com-aivie-plugin-konfiguration-1-768x515.png 768w, https:\/\/cdn.aivie.ch\/media\/wp\/2022\/10\/09094540\/cal.com-aivie-plugin-konfiguration-1-1200x805.png 1200w, https:\/\/cdn.aivie.ch\/media\/wp\/2022\/10\/09094540\/cal.com-aivie-plugin-konfiguration-1-480x322.png 480w\" sizes=\"auto, (max-width: 600px) 100vw, 600px\" \/><br\/><\/li>\n\n\n\n<li>Napsauta Save &amp; Close (Tallenna ja sulje)<\/li>\n<\/ol>\n\n<p>Nyt voit lis\u00e4t\u00e4 ajanvarauksen URL-osoitteen verkkosivustollesi tai s\u00e4hk\u00f6posteihisi, ja liidit voivat varata yksitt\u00e4isen ajanvarauksen suoraan linkin kautta. Uudet yhteystiedot luodaan automaattisesti Aivieen. <\/p>\n\n<h3 class=\"wp-block-heading\" id=\"h-deinen-cal-com-link-in-die-e-mails-einbauen\">Sis\u00e4llyt\u00e4 Cal.com-linkki s\u00e4hk\u00f6posteihin.<\/h3>\n\n<ol class=\"wp-block-list\">\n<li>Luo s\u00e4hk\u00f6postiosoite<\/li>\n\n\n\n<li>Lis\u00e4\u00e4 Cal.com-kokousp\u00e4iv\u00e4m\u00e4\u00e4r\u00e4si linkkin\u00e4.<\/li>\n\n\n\n<li>Kun asiakkaasi varaavat ajan, asiakas ja sin\u00e4 saat vahvistuss\u00e4hk\u00f6postin.<br\/><img loading=\"lazy\" decoding=\"async\" width=\"422\" height=\"371\" class=\"alignnone wp-image-12037\" src=\"https:\/\/cdn.aivie.ch\/media\/wp\/2022\/10\/21153816\/Bildschirmfoto-2022-10-21-um-15.11.09-1-e1666864383658-960x843.png\" alt=\"\" title=\"\" srcset=\"https:\/\/cdn.aivie.ch\/media\/wp\/2022\/10\/21153816\/Bildschirmfoto-2022-10-21-um-15.11.09-1-e1666864383658-960x843.png 960w, https:\/\/cdn.aivie.ch\/media\/wp\/2022\/10\/21153816\/Bildschirmfoto-2022-10-21-um-15.11.09-1-e1666864383658-768x674.png 768w, https:\/\/cdn.aivie.ch\/media\/wp\/2022\/10\/21153816\/Bildschirmfoto-2022-10-21-um-15.11.09-1-e1666864383658-480x421.png 480w, https:\/\/cdn.aivie.ch\/media\/wp\/2022\/10\/21153816\/Bildschirmfoto-2022-10-21-um-15.11.09-1-e1666864383658.png 1096w\" sizes=\"auto, (max-width: 422px) 100vw, 422px\" \/><\/li>\n\n\n\n<li>Aivie-ohjelmassa yhteystietoon lis\u00e4t\u00e4\u00e4n automaattisesti merkint\u00e4, jossa on tapaamisen p\u00e4iv\u00e4m\u00e4\u00e4r\u00e4, kohdassa Huomautukset.<br\/><img loading=\"lazy\" decoding=\"async\" width=\"960\" height=\"705\" class=\"alignnone size-medium wp-image-12618\" src=\"https:\/\/cdn.aivie.ch\/media\/wp\/2022\/10\/06120744\/Wie-kannst-du-cal.com-in-Aivie-integrieren2.png\" alt=\"Miten cal.com voidaan integroida Aivieen?\" title=\"\" srcset=\"https:\/\/cdn.aivie.ch\/media\/wp\/2022\/10\/06120744\/Wie-kannst-du-cal.com-in-Aivie-integrieren2.png 1458w, https:\/\/cdn.aivie.ch\/media\/wp\/2022\/10\/06120744\/Wie-kannst-du-cal.com-in-Aivie-integrieren2.png 960w, https:\/\/cdn.aivie.ch\/media\/wp\/2022\/10\/06120744\/Wie-kannst-du-cal.com-in-Aivie-integrieren2-768x564.png 768w, https:\/\/cdn.aivie.ch\/media\/wp\/2022\/10\/06120744\/Wie-kannst-du-cal.com-in-Aivie-integrieren2-1200x881.png 1200w, https:\/\/cdn.aivie.ch\/media\/wp\/2022\/10\/06120744\/Wie-kannst-du-cal.com-in-Aivie-integrieren2-480x352.png 480w\" sizes=\"auto, (max-width: 960px) 100vw, 960px\" \/><\/li>\n<\/ol>\n","protected":false},"excerpt":{"rendered":"<p>Lue, miten Aivie yhdistet\u00e4\u00e4n cal.comiin. Miten luodaan cal.com-profiili, jotta voit k\u00e4ytt\u00e4\u00e4 cal.com-ajanvarauslinkki\u00e4si Aivien automaattisissa s\u00e4hk\u00f6posteissa.<\/p>\n","protected":false},"featured_media":0,"template":"","categories":[],"tags":[],"FaqCategories":[1433,1427],"FaqTags":[1447,1449,1448],"class_list":["post-27736","faq","type-faq","status-publish","hentry","FaqCategories-integrointi","FaqCategories-myyntisuppilo","FaqTags-cal-com","FaqTags-kalenteri","FaqTags-paeivaemaeaeraet"],"acf":[],"featured_image_urls_v2":{"full":"","thumbnail":"","medium":"","medium_large":"","large":"","post-thumbnail":"","aiv_480w":"","woocommerce_thumbnail":"","woocommerce_single":"","woocommerce_gallery_thumbnail":""},"post_excerpt_stackable_v2":"<p>Lue, miten Aivie yhdistet\u00e4\u00e4n cal.comiin. Miten luodaan cal.com-profiili, jotta voit k\u00e4ytt\u00e4\u00e4 cal.com-ajanvarauslinkki\u00e4si Aivien automaattisissa s\u00e4hk\u00f6posteissa. Luo Cal.com-profiili Luo profiilisi cal.comiin ja yhdist\u00e4 se kalenteriisi. L\u00f6yd\u00e4t lis\u00e4tietoja cal.comin dokumentaatiosta. Aktivoi Cal.com Aivie:ss\u00e4 Aktivoi Aivie Cal.com -lis\u00e4osa kohdassa Asetukset &gt; Lis\u00e4osat. Avaa Cal.com-lis\u00e4osa napsauttamalla sit\u00e4. Aktivoi lis\u00e4osa valitsemalla Yes to published (Kyll\u00e4). Napsauta Tallenna Jos lis\u00e4osa on aktivoitu, voit siirt\u00e4\u00e4 webhookin URL-osoitteen ja Cal.com-salaisuuden osoitteeseen cal.com. Avaa t\u00e4t\u00e4 varten uusi v\u00e4lilehti. Aivien perustaminen Cal.comiin Siirry tilisi asetuksiin osoitteessa cal.com Luo uusi verkkokoukku. L\u00f6yd\u00e4t t\u00e4m\u00e4n Cal.comissa asetuksista &gt; Webhook&gt; New webhook Sy\u00f6t\u00e4 Aivie Cal.com -lis\u00e4osan arvot. Napsauta Save &amp; Close (Tallenna ja sulje)\u2026<\/p>\n","category_list_v2":"Yleinen","author_info_v2":{"name":"","url":""},"comments_num_v2":"0 comments","_links":{"self":[{"href":"https:\/\/aivie.ch\/fi\/wp-json\/wp\/v2\/faq\/27736","targetHints":{"allow":["GET"]}}],"collection":[{"href":"https:\/\/aivie.ch\/fi\/wp-json\/wp\/v2\/faq"}],"about":[{"href":"https:\/\/aivie.ch\/fi\/wp-json\/wp\/v2\/types\/faq"}],"version-history":[{"count":1,"href":"https:\/\/aivie.ch\/fi\/wp-json\/wp\/v2\/faq\/27736\/revisions"}],"predecessor-version":[{"id":27737,"href":"https:\/\/aivie.ch\/fi\/wp-json\/wp\/v2\/faq\/27736\/revisions\/27737"}],"wp:attachment":[{"href":"https:\/\/aivie.ch\/fi\/wp-json\/wp\/v2\/media?parent=27736"}],"wp:term":[{"taxonomy":"category","embeddable":true,"href":"https:\/\/aivie.ch\/fi\/wp-json\/wp\/v2\/categories?post=27736"},{"taxonomy":"post_tag","embeddable":true,"href":"https:\/\/aivie.ch\/fi\/wp-json\/wp\/v2\/tags?post=27736"},{"taxonomy":"FaqCategories","embeddable":true,"href":"https:\/\/aivie.ch\/fi\/wp-json\/wp\/v2\/FaqCategories?post=27736"},{"taxonomy":"FaqTags","embeddable":true,"href":"https:\/\/aivie.ch\/fi\/wp-json\/wp\/v2\/FaqTags?post=27736"}],"curies":[{"name":"wp","href":"https:\/\/api.w.org\/{rel}","templated":true}]}}

<p>Lue, miten Aivie yhdistetään cal.comiin. Miten luodaan cal.com-profiili, jotta voit käyttää cal.com-ajanvarauslinkkiäsi Aivien automaattisissa sähköposteissa. </p>

<!--more-->

<h3 class="wp-block-heading" id="h-erstelle-ein-cal-com-profil">Luo Cal.com-profiili</h3>

<p>Luo profiilisi <a href="http://cal.com" target="_blank" rel="noopener">cal.comiin ja yhdistä se</a> kalenteriisi. Löydät lisätietoja <a href="https://docs.cal.com/" target="_blank" rel="noopener">cal.comin dokumentaatiosta.</a> </p>

<ol class="wp-block-list"></ol>

<h3 class="wp-block-heading" id="h-cal-com-auf-aivie-aktivieren">Aktivoi Cal.com Aivie:ssä</h3>

<ol class="wp-block-list">
<li>Aktivoi Aivie Cal.com -lisäosa kohdassa Asetukset &gt; Lisäosat.</li>



<li>Avaa Cal.com-lisäosa napsauttamalla sitä.</li>



<li>Aktivoi lisäosa valitsemalla Yes to published (Kyllä).<br/><img loading="lazy" decoding="async" width="600" height="486" class="alignnone size-medium wp-image-12614" src="https://cdn.aivie.ch/media/wp/2022/10/06120148/Wie-kannst-du-cal.com-in-Aivie-integrieren1.png" alt="" style="width: 600px;" title="" srcset="https://cdn.aivie.ch/media/wp/2022/10/06120148/Wie-kannst-du-cal.com-in-Aivie-integrieren1.png 1042w, https://cdn.aivie.ch/media/wp/2022/10/06120148/Wie-kannst-du-cal.com-in-Aivie-integrieren1.png 960w, https://cdn.aivie.ch/media/wp/2022/10/06120148/Wie-kannst-du-cal.com-in-Aivie-integrieren1-768x622.png 768w, https://cdn.aivie.ch/media/wp/2022/10/06120148/Wie-kannst-du-cal.com-in-Aivie-integrieren1-480x389.png 480w" sizes="auto, (max-width: 600px) 100vw, 600px" /></li>



<li>Napsauta Tallenna</li>



<li>Jos lisäosa on aktivoitu, voit siirtää webhookin URL-osoitteen ja Cal.com-salaisuuden osoitteeseen cal.com. Avaa tätä varten uusi välilehti. <br/><img loading="lazy" decoding="async" width="600" height="375" class="alignnone size-medium wp-image-12610" src="https://cdn.aivie.ch/media/wp/2022/10/06120142/Wie-kannst-du-cal.com-in-Aivie-integrieren.png" alt="" style="width: 600px;" title="" srcset="https://cdn.aivie.ch/media/wp/2022/10/06120142/Wie-kannst-du-cal.com-in-Aivie-integrieren.png 1774w, https://cdn.aivie.ch/media/wp/2022/10/06120142/Wie-kannst-du-cal.com-in-Aivie-integrieren.png 960w, https://cdn.aivie.ch/media/wp/2022/10/06120142/Wie-kannst-du-cal.com-in-Aivie-integrieren-768x481.png 768w, https://cdn.aivie.ch/media/wp/2022/10/06120142/Wie-kannst-du-cal.com-in-Aivie-integrieren-1200x751.png 1200w, https://cdn.aivie.ch/media/wp/2022/10/06120142/Wie-kannst-du-cal.com-in-Aivie-integrieren-480x300.png 480w" sizes="auto, (max-width: 600px) 100vw, 600px" /></li>
</ol>

<h3 class="wp-block-heading" id="h-aivie-auf-cal-com-einrichten">Aivien perustaminen Cal.comiin</h3>

<ol class="wp-block-list">
<li>Siirry tilisi asetuksiin osoitteessa cal.com</li>



<li>Luo uusi verkkokoukku. Löydät tämän Cal.comissa asetuksista &gt; Webhook&gt; New webhook <br/><img loading="lazy" decoding="async" width="600" height="380" class="alignnone wp-image-12083" src="https://cdn.aivie.ch/media/wp/2022/10/27115100/Bildschirmfoto-2022-10-27-um-11.50.35.png" alt="" style="width: 600px;" title="" srcset="https://cdn.aivie.ch/media/wp/2022/10/27115100/Bildschirmfoto-2022-10-27-um-11.50.35.png 2170w, https://cdn.aivie.ch/media/wp/2022/10/27115100/Bildschirmfoto-2022-10-27-um-11.50.35.png 960w, https://cdn.aivie.ch/media/wp/2022/10/27115100/Bildschirmfoto-2022-10-27-um-11.50.35-1920x1217.png 1920w, https://cdn.aivie.ch/media/wp/2022/10/27115100/Bildschirmfoto-2022-10-27-um-11.50.35-768x487.png 768w, https://cdn.aivie.ch/media/wp/2022/10/27115100/Bildschirmfoto-2022-10-27-um-11.50.35-1200x761.png 1200w, https://cdn.aivie.ch/media/wp/2022/10/27115100/Bildschirmfoto-2022-10-27-um-11.50.35-480x304.png 480w" sizes="auto, (max-width: 600px) 100vw, 600px" /></li>



<li>Syötä Aivie Cal.com -lisäosan arvot.<br/><img loading="lazy" decoding="async" width="600" height="403" class="wp-image-18343" style="width: 600px;" src="https://cdn.aivie.ch/media/wp/2022/10/09094540/cal.com-aivie-plugin-konfiguration-1.png" alt="cal.com aivie-lis&#xE4;osan kokoonpano (Mautic)" title="" srcset="https://cdn.aivie.ch/media/wp/2022/10/09094540/cal.com-aivie-plugin-konfiguration-1.png 1750w, https://cdn.aivie.ch/media/wp/2022/10/09094540/cal.com-aivie-plugin-konfiguration-1-960x644.png 960w, https://cdn.aivie.ch/media/wp/2022/10/09094540/cal.com-aivie-plugin-konfiguration-1-768x515.png 768w, https://cdn.aivie.ch/media/wp/2022/10/09094540/cal.com-aivie-plugin-konfiguration-1-1200x805.png 1200w, https://cdn.aivie.ch/media/wp/2022/10/09094540/cal.com-aivie-plugin-konfiguration-1-480x322.png 480w" sizes="auto, (max-width: 600px) 100vw, 600px" /><br/></li>



<li>Napsauta Save &amp; Close (Tallenna ja sulje)</li>
</ol>

<p>Nyt voit lisätä ajanvarauksen URL-osoitteen verkkosivustollesi tai sähköposteihisi, ja liidit voivat varata yksittäisen ajanvarauksen suoraan linkin kautta. Uudet yhteystiedot luodaan automaattisesti Aivieen. </p>

<h3 class="wp-block-heading" id="h-deinen-cal-com-link-in-die-e-mails-einbauen">Sisällytä Cal.com-linkki sähköposteihin.</h3>

<ol class="wp-block-list">
<li>Luo sähköpostiosoite</li>



<li>Lisää Cal.com-kokouspäivämääräsi linkkinä.</li>



<li>Kun asiakkaasi varaavat ajan, asiakas ja sinä saat vahvistussähköpostin.<br/><img loading="lazy" decoding="async" width="422" height="371" class="alignnone wp-image-12037" src="https://cdn.aivie.ch/media/wp/2022/10/21153816/Bildschirmfoto-2022-10-21-um-15.11.09-1-e1666864383658-960x843.png" alt="" title="" srcset="https://cdn.aivie.ch/media/wp/2022/10/21153816/Bildschirmfoto-2022-10-21-um-15.11.09-1-e1666864383658-960x843.png 960w, https://cdn.aivie.ch/media/wp/2022/10/21153816/Bildschirmfoto-2022-10-21-um-15.11.09-1-e1666864383658-768x674.png 768w, https://cdn.aivie.ch/media/wp/2022/10/21153816/Bildschirmfoto-2022-10-21-um-15.11.09-1-e1666864383658-480x421.png 480w, https://cdn.aivie.ch/media/wp/2022/10/21153816/Bildschirmfoto-2022-10-21-um-15.11.09-1-e1666864383658.png 1096w" sizes="auto, (max-width: 422px) 100vw, 422px" /></li>



<li>Aivie-ohjelmassa yhteystietoon lisätään automaattisesti merkintä, jossa on tapaamisen päivämäärä, kohdassa Huomautukset.<br/><img loading="lazy" decoding="async" width="960" height="705" class="alignnone size-medium wp-image-12618" src="https://cdn.aivie.ch/media/wp/2022/10/06120744/Wie-kannst-du-cal.com-in-Aivie-integrieren2.png" alt="Miten cal.com voidaan integroida Aivieen?" title="" srcset="https://cdn.aivie.ch/media/wp/2022/10/06120744/Wie-kannst-du-cal.com-in-Aivie-integrieren2.png 1458w, https://cdn.aivie.ch/media/wp/2022/10/06120744/Wie-kannst-du-cal.com-in-Aivie-integrieren2.png 960w, https://cdn.aivie.ch/media/wp/2022/10/06120744/Wie-kannst-du-cal.com-in-Aivie-integrieren2-768x564.png 768w, https://cdn.aivie.ch/media/wp/2022/10/06120744/Wie-kannst-du-cal.com-in-Aivie-integrieren2-1200x881.png 1200w, https://cdn.aivie.ch/media/wp/2022/10/06120744/Wie-kannst-du-cal.com-in-Aivie-integrieren2-480x352.png 480w" sizes="auto, (max-width: 960px) 100vw, 960px" /></li>
</ol>

<p>Lue, miten Aivie yhdistetään cal.comiin. Miten luodaan cal.com-profiili, jotta voit käyttää cal.com-ajanvarauslinkkiäsi Aivien automaattisissa sähköposteissa.</p>

<p>Lue, miten Aivie yhdistetään cal.comiin. Miten luodaan cal.com-profiili, jotta voit käyttää cal.com-ajanvarauslinkkiäsi Aivien automaattisissa sähköposteissa. Luo Cal.com-profiili Luo profiilisi cal.comiin ja yhdistä se kalenteriisi. Löydät lisätietoja cal.comin dokumentaatiosta. Aktivoi Cal.com Aivie:ssä Aktivoi Aivie Cal.com -lisäosa kohdassa Asetukset &gt; Lisäosat. Avaa Cal.com-lisäosa napsauttamalla sitä. Aktivoi lisäosa valitsemalla Yes to published (Kyllä). Napsauta Tallenna Jos lisäosa on aktivoitu, voit siirtää webhookin URL-osoitteen ja Cal.com-salaisuuden osoitteeseen cal.com. Avaa tätä varten uusi välilehti. Aivien perustaminen Cal.comiin Siirry tilisi asetuksiin osoitteessa cal.com Luo uusi verkkokoukku. Löydät tämän Cal.comissa asetuksista &gt; Webhook&gt; New webhook Syötä Aivie Cal.com -lisäosan arvot. Napsauta Save &amp; Close (Tallenna ja sulje)…</p>
